{"id":5666651,"date":"2023-06-14T19:21:18","date_gmt":"2023-06-14T17:21:18","guid":{"rendered":"https:\/\/tartesdumonde.be\/?post_type=product&#038;p=5666651"},"modified":"2026-03-15T18:33:33","modified_gmt":"2026-03-15T17:33:33","slug":"key-lime-pie","status":"publish","type":"product","link":"https:\/\/tartesdumonde.be\/index.php\/product\/key-lime-pie\/","title":{"rendered":"Macaron framboise"},"content":{"rendered":"<p>Macaron, cr\u00e8me diplomate vanille , framboises fra\u00eeches<\/p>\n<p>Allerg\u00e8nes : oeuf, lactose, fruits a coque<\/p>\n","protected":false},"excerpt":{"rendered":"<p>Macaron, cr\u00e8me diplomate vanille , framboises fra\u00eeches Allerg\u00e8nes : oeuf, lactose, fruits a coque<\/p>\n","protected":false},"featured_media":5666975,"template":"","meta":{"spay_email":""},"product_cat":[19],"product_tag":[],"_links":{"self":[{"href":"https:\/\/tartesdumonde.be\/index.php\/wp-json\/wp\/v2\/product\/5666651"}],"collection":[{"href":"https:\/\/tartesdumonde.be\/index.php\/wp-json\/wp\/v2\/product"}],"about":[{"href":"https:\/\/tartesdumonde.be\/index.php\/wp-json\/wp\/v2\/types\/product"}],"wp:featuredmedia":[{"embeddable":true,"href":"https:\/\/tartesdumonde.be\/index.php\/wp-json\/wp\/v2\/media\/5666975"}],"wp:attachment":[{"href":"https:\/\/tartesdumonde.be\/index.php\/wp-json\/wp\/v2\/media?parent=5666651"}],"wp:term":[{"taxonomy":"product_cat","embeddable":true,"href":"https:\/\/tartesdumonde.be\/index.php\/wp-json\/wp\/v2\/product_cat?post=5666651"},{"taxonomy":"product_tag","embeddable":true,"href":"https:\/\/tartesdumonde.be\/index.php\/wp-json\/wp\/v2\/product_tag?post=5666651"}],"curies":[{"name":"wp","href":"https:\/\/api.w.org\/{rel}","templated":true}]}}