{"id":5666249,"date":"2021-06-11T14:40:35","date_gmt":"2021-06-11T12:40:35","guid":{"rendered":"https:\/\/tartesdumonde.be\/?post_type=product&#038;p=5666249"},"modified":"2025-03-23T18:49:03","modified_gmt":"2025-03-23T17:49:03","slug":"mustika","status":"publish","type":"product","link":"https:\/\/tartesdumonde.be\/index.php\/product\/mustika\/","title":{"rendered":"Mustikkapiirakka &#8211; 4\/6pers"},"content":{"rendered":"<p>&nbsp;<\/p>\n<p>Recette finlandaise<br \/>\nCro\u00fbte \u00e0 la farine de seigle et parfum\u00e9e \u00e0 la cardamome, cr\u00e9meux yaourt , coulis de myrtilles.<\/p>\n<p>Allerg\u00e8nes : gluten (bl\u00e9), produits laitiers, oeufs.<\/p>\n<p>&nbsp;<\/p>\n","protected":false},"excerpt":{"rendered":"<p>&nbsp; Recette finlandaise Cro\u00fbte \u00e0 la farine de seigle et parfum\u00e9e \u00e0 la cardamome,&#8230;<\/p>\n","protected":false},"featured_media":5666900,"template":"","meta":{"spay_email":""},"product_cat":[19],"product_tag":[],"_links":{"self":[{"href":"https:\/\/tartesdumonde.be\/index.php\/wp-json\/wp\/v2\/product\/5666249"}],"collection":[{"href":"https:\/\/tartesdumonde.be\/index.php\/wp-json\/wp\/v2\/product"}],"about":[{"href":"https:\/\/tartesdumonde.be\/index.php\/wp-json\/wp\/v2\/types\/product"}],"wp:featuredmedia":[{"embeddable":true,"href":"https:\/\/tartesdumonde.be\/index.php\/wp-json\/wp\/v2\/media\/5666900"}],"wp:attachment":[{"href":"https:\/\/tartesdumonde.be\/index.php\/wp-json\/wp\/v2\/media?parent=5666249"}],"wp:term":[{"taxonomy":"product_cat","embeddable":true,"href":"https:\/\/tartesdumonde.be\/index.php\/wp-json\/wp\/v2\/product_cat?post=5666249"},{"taxonomy":"product_tag","embeddable":true,"href":"https:\/\/tartesdumonde.be\/index.php\/wp-json\/wp\/v2\/product_tag?post=5666249"}],"curies":[{"name":"wp","href":"https:\/\/api.w.org\/{rel}","templated":true}]}}

<p>&nbsp;</p>
<p>Recette finlandaise<br />
Croûte à la farine de seigle et parfumée à la cardamome, crémeux yaourt , coulis de myrtilles.</p>
<p>Allergènes : gluten (blé), produits laitiers, oeufs.</p>
<p>&nbsp;</p>

<p>&nbsp; Recette finlandaise Croûte à la farine de seigle et parfumée à la cardamome,&#8230;</p>
