{"id":5666235,"date":"2021-06-11T14:24:42","date_gmt":"2021-06-11T12:24:42","guid":{"rendered":"https:\/\/tartesdumonde.be\/?post_type=product&#038;p=5666235"},"modified":"2025-01-02T09:52:10","modified_gmt":"2025-01-02T08:52:10","slug":"nepita","status":"publish","type":"product","link":"https:\/\/tartesdumonde.be\/index.php\/product\/nepita\/","title":{"rendered":"Nepita &#8211; Tous les parfums de Corse"},"content":{"rendered":"<p>p\u00e2te feuillet\u00e9e maison, blettes, blancs de poireaux, brocciu AOP, n\u00e9pita (herbe s\u00e9ch\u00e9e du maquis corse), oignons rouges. 4 ou 6 pers.<\/p>\n","protected":false},"excerpt":{"rendered":"<p>p\u00e2te feuillet\u00e9e maison, blettes, blancs de poireaux, brocciu AOP, n\u00e9pita (herbe s\u00e9ch\u00e9e du maquis&#8230;<\/p>\n","protected":false},"featured_media":5666068,"template":"","meta":{"spay_email":""},"product_cat":[35],"product_tag":[],"_links":{"self":[{"href":"https:\/\/tartesdumonde.be\/index.php\/wp-json\/wp\/v2\/product\/5666235"}],"collection":[{"href":"https:\/\/tartesdumonde.be\/index.php\/wp-json\/wp\/v2\/product"}],"about":[{"href":"https:\/\/tartesdumonde.be\/index.php\/wp-json\/wp\/v2\/types\/product"}],"wp:featuredmedia":[{"embeddable":true,"href":"https:\/\/tartesdumonde.be\/index.php\/wp-json\/wp\/v2\/media\/5666068"}],"wp:attachment":[{"href":"https:\/\/tartesdumonde.be\/index.php\/wp-json\/wp\/v2\/media?parent=5666235"}],"wp:term":[{"taxonomy":"product_cat","embeddable":true,"href":"https:\/\/tartesdumonde.be\/index.php\/wp-json\/wp\/v2\/product_cat?post=5666235"},{"taxonomy":"product_tag","embeddable":true,"href":"https:\/\/tartesdumonde.be\/index.php\/wp-json\/wp\/v2\/product_tag?post=5666235"}],"curies":[{"name":"wp","href":"https:\/\/api.w.org\/{rel}","templated":true}]}}