{"id":5666233,"date":"2021-06-11T14:20:18","date_gmt":"2021-06-11T12:20:18","guid":{"rendered":"https:\/\/tartesdumonde.be\/?post_type=product&#038;p=5666233"},"modified":"2025-03-23T18:49:49","modified_gmt":"2025-03-23T17:49:49","slug":"plume","status":"publish","type":"product","link":"https:\/\/tartesdumonde.be\/index.php\/product\/plume\/","title":{"rendered":"Plume   4\/6pers"},"content":{"rendered":"<p>Tarte \u00e0 la mousse au chocolat l\u00e9g\u00e8rement cuite au four. Cro\u00fbte cacao, poudre de noisettes et fleur de sel.<br \/>\nAllerg\u00e8nes: oeuf, gluten, lactose, soja, fruits \u00e0 coque<\/p>\n","protected":false},"excerpt":{"rendered":"<p>Tarte \u00e0 la mousse au chocolat l\u00e9g\u00e8rement cuite au four. Cro\u00fbte cacao, poudre de&#8230;<\/p>\n","protected":false},"featured_media":5666901,"template":"","meta":{"spay_email":""},"product_cat":[19],"product_tag":[],"_links":{"self":[{"href":"https:\/\/tartesdumonde.be\/index.php\/wp-json\/wp\/v2\/product\/5666233"}],"collection":[{"href":"https:\/\/tartesdumonde.be\/index.php\/wp-json\/wp\/v2\/product"}],"about":[{"href":"https:\/\/tartesdumonde.be\/index.php\/wp-json\/wp\/v2\/types\/product"}],"wp:featuredmedia":[{"embeddable":true,"href":"https:\/\/tartesdumonde.be\/index.php\/wp-json\/wp\/v2\/media\/5666901"}],"wp:attachment":[{"href":"https:\/\/tartesdumonde.be\/index.php\/wp-json\/wp\/v2\/media?parent=5666233"}],"wp:term":[{"taxonomy":"product_cat","embeddable":true,"href":"https:\/\/tartesdumonde.be\/index.php\/wp-json\/wp\/v2\/product_cat?post=5666233"},{"taxonomy":"product_tag","embeddable":true,"href":"https:\/\/tartesdumonde.be\/index.php\/wp-json\/wp\/v2\/product_tag?post=5666233"}],"curies":[{"name":"wp","href":"https:\/\/api.w.org\/{rel}","templated":true}]}}

<p>Tarte à la mousse au chocolat légèrement cuite au four. Croûte cacao, poudre de noisettes et fleur de sel.<br />
Allergènes: oeuf, gluten, lactose, soja, fruits à coque</p>

<p>Tarte à la mousse au chocolat légèrement cuite au four. Croûte cacao, poudre de&#8230;</p>
