{"id":5666197,"date":"2021-06-05T19:42:02","date_gmt":"2021-06-05T17:42:02","guid":{"rendered":"https:\/\/tartesdumonde.be\/?post_type=product&#038;p=5666197"},"modified":"2026-03-15T18:18:12","modified_gmt":"2026-03-15T17:18:12","slug":"flan-parisien","status":"publish","type":"product","link":"https:\/\/tartesdumonde.be\/index.php\/product\/flan-parisien\/","title":{"rendered":"Sakura"},"content":{"rendered":"<p>Mousse th\u00e9 vert parfum\u00e9 aux fleurs de cerisier, cr\u00e9meux framboise et gel\u00e9e de litchi, biscuit madeleine sans gluten au s\u00e9same noir<\/p>\n<p>Allerg\u00e8nes: oeuf, lactose, fruits a coque<\/p>\n","protected":false},"excerpt":{"rendered":"<p>Mousse th\u00e9 vert parfum\u00e9 aux fleurs de cerisier, cr\u00e9meux framboise et gel\u00e9e de litchi,&#8230;<\/p>\n","protected":false},"featured_media":5666974,"template":"","meta":{"spay_email":""},"product_cat":[19],"product_tag":[],"_links":{"self":[{"href":"https:\/\/tartesdumonde.be\/index.php\/wp-json\/wp\/v2\/product\/5666197"}],"collection":[{"href":"https:\/\/tartesdumonde.be\/index.php\/wp-json\/wp\/v2\/product"}],"about":[{"href":"https:\/\/tartesdumonde.be\/index.php\/wp-json\/wp\/v2\/types\/product"}],"wp:featuredmedia":[{"embeddable":true,"href":"https:\/\/tartesdumonde.be\/index.php\/wp-json\/wp\/v2\/media\/5666974"}],"wp:attachment":[{"href":"https:\/\/tartesdumonde.be\/index.php\/wp-json\/wp\/v2\/media?parent=5666197"}],"wp:term":[{"taxonomy":"product_cat","embeddable":true,"href":"https:\/\/tartesdumonde.be\/index.php\/wp-json\/wp\/v2\/product_cat?post=5666197"},{"taxonomy":"product_tag","embeddable":true,"href":"https:\/\/tartesdumonde.be\/index.php\/wp-json\/wp\/v2\/product_tag?post=5666197"}],"curies":[{"name":"wp","href":"https:\/\/api.w.org\/{rel}","templated":true}]}}

<p>Mousse thé vert parfumé aux fleurs de cerisier, crémeux framboise et gelée de litchi, biscuit madeleine sans gluten au sésame noir</p>
<p>Allergènes: oeuf, lactose, fruits a coque</p>

<p>Mousse thé vert parfumé aux fleurs de cerisier, crémeux framboise et gelée de litchi,&#8230;</p>
